4 - 3). Suppose 0*w - z*w = -36. What is the units digit of w?
9
Let b = 102 + -58. What is the tens digit of b?
4
Let a(l) = -l**3 + l**2 + 3*l + 2. Let j be (3 + 0)/((-6)/4). Let z be a(j). Let q = z + -3. What is the units digit of q?
5
Let s(j) = j**2 - 4*j + 1. Let d be s(4). Let g be (-4)/10 + (-174)/15. What is the units digit of d/4 - 81/g?
7
Suppose 13 = 4*m - 247. What is the units digit of m?
5
Suppose -3*g + 5*m = 259, 3*m = -3*g + 54 - 273. Let y = -46 - g. What is the units digit of y?
2
Suppose u + 5 = 3*o - 15, 3*o + u = 22. What is the units digit of o?
7
Suppose -5*l + 649 = 3*k, -4*k - 157 + 1001 = -4*l. What is the tens digit of k?
1
Let k(f) = -f**3 - 34*f**2 - 4*f - 57. What is the units digit of k(-34)?
9
Suppose 2*b - 1 - 3 = 0. Suppose -4*s + b*s = -10. Let i = s + 1. What is the units digit of i?
6
Suppose -240 - 5 = -5*s. What is the tens digit of s?
4
Let s(z) = -z**3 + 3*z**2 - 4*z + 3. Let f be s(3). What is the units digit of f/(-6)*(9 - 1)?
2
Let i(r) = r**3 - 4*r**2 + 9*r - 16. What is the tens digit of i(7)?
9
Suppose 5*j - 330 = -0*j. What is the units digit of j?
6
Let l(w) = -w**3 - 8*w**2 - 7*w + 5. Let y be l(-7). Suppose -5*i + 7 = -2*x, -3 = -y*i + 2. Let b = 2 - x. What is the units digit of b?
3
Suppose -12*o + o = -341. What is the units digit of o?
1
Let q(z) = -z**2 - 8*z - 2. Let o be q(-6). Let n be (-9)/(-6)*(-20)/(-6). Suppose -o = n*v - 10*v. What is the units digit of v?
2
Let f(l) = -21*l**2 + 8*l - 3. Let r(y) = 7*y**2 - 3*y + 1. Let h(u) = -4*f(u) - 11*r(u). Let z be (2/3)/(6/(-9)). What is the units digit of h(z)?
7
Suppose 210 = -4*p + 9*p. What is the tens digit of p?
4
Suppose 2*y - y - 4 = 0. Suppose -y*t + 13 = 5. Suppose 2*j - 5*u + 6 = 0, t*j - 4*j + 4*u = 4. What is the units digit of j?
2
Let d(i) = 4*i**2 - 9*i + 2. Let q(u) = u**2 - 1. Let w(r) = d(r) - 5*q(r). What is the units digit of w(-8)?
5
Let x be (-6)/8*32/(-12). Suppose 9 - 51 = -x*k. What is the units digit of k?
1
Let l = 26 + 8. What is the units digit of l?
4
What is the tens digit of 2759/11 + 4/22?
5
Let y = 55 + -7. What is the tens digit of y?
4
What is the units digit of (54/24)/(2/8)?
9
Let p be 0 + 6/3*1. Suppose 0 = p*d + d - 15. What is the units digit of d?
5
Suppose -m = q - 168 + 58, -574 = -5*q + m. What is the units digit of q?
4
Suppose 3*c - 621 + 12 = 0. What is the units digit of c?
3
Suppose 12 = 3*q + q. Suppose q*f = -3*i, 3*i - i = -5*f + 15. Let h = -3 - i. What is the units digit of h?
2
Let b = -6 + 6. Suppose b = -2*i + i. Suppose 5*z + i = 100. What is the tens digit of z?
2
What is the units digit of 1*(-4)/(-16) - (-2049)/12?
1
Suppose 0 = -3*y + 123 + 30. Let m = y - 30. What is the units digit of m?
1
What is the tens digit of -37*3*10/(-15)?
7
Let b(m) = 4*m**2 - 7*m + 3. What is the tens digit of b(5)?
6
Suppose 4*q - 35 = -3*v, -v = 4*q - 16 - 9. Suppose 63 = q*r + 8. What is the units digit of r?
1
Suppose 5*x + 0*x - 4*y = -16, -2*y = -4*x - 8. Suppose 58 = -x*d + 2*d. What is the units digit of d?
9
Suppose 3*a - 11 - 37 = 2*f, f + 87 = 5*a. Suppose -9 = -c + a. What is the tens digit of c?
2
Let w(f) = -2*f**3 - 5*f**2 - 3*f - 1. Suppose -5 - 19 = -4*m. Let g be m/2*5/(-5). What is the units digit of w(g)?
7
Let g = -15 + 42. Suppose -3 = -2*q - g. Let o = q - -21. What is the units digit of o?
9
Let g(d) = -d + 9. Let v = 7 + -2. Let b be g(v). Suppose -2 + 1 = h - 5*i, 2*h - 26 = -b*i. What is the units digit of h?
9
Suppose 20 = r - 2*h - h, -5*r - 2*h + 185 = 0. Suppose 0 = -7*l + 2*l + r. What is the units digit of 2/7 + 19/l?
3
Let n(d) = d**3 + 8*d**2 - 4*d - 11. What is the tens digit of n(-8)?
2
Let w(i) = i**3 + 9*i**2 + i. What is the tens digit of w(-8)?
5
Suppose 2*o + 8 = 4*a, -2*o - a + 2 = -3*o. Suppose -4*x + 2*x + 10 = o. Suppose -7 = -5*c - 4*m + 72, -x*c + 78 = 3*m. What is the tens digit of c?
1
Let c(b) = b**2 - b - 5. Let h be c(11). Suppose 2*j - h = -j. What is the units digit of j?
5
Suppose 662 = 7*t - 31. What is the units digit of t?
9
Suppose -3*n - 25 = -8*n. What is the units digit of 28/n + (-4)/(-10)?
6
Suppose 15 = -i - 4*s, i - 2*i - 2*s = 7. Let r be i/(-2)*12/(-2). Suppose 10 = 3*u + 5*l, u + r*l = -u + 8. What is the units digit of u?
0
Let n(c) = -18*c**3 - 1. Let i be n(-1). Let m = i + 1. What is the tens digit of m?
1
Let l(n) be the first derivative of n**3/3 - n**2/2 + 9*n + 1. What is the units digit of l(4)?
1
Let v(h) = 10*h. Let j be v(-5). Let r = -24 - j. What is the units digit of r?
6
Let o = -81 - -206. What is the hundreds digit of o?
1
Suppose -4 - 5 = -d. Suppose 2*h = 51 + d. What is the units digit of h?
0
Let q = -5 - -8. Suppose -x - q*x = -36. What is the units digit of x?
9
Let q(b) = -b**3 - b + 48. What is the units digit of q(0)?
8
Let r(a) be the second derivative of a**4/8 - a**3 + a**2/2 - a. Let m(u) be the first derivative of r(u). What is the units digit of m(4)?
6
Let i be (-1 - -1 - -12)*5. Suppose 4*a - 6*a = -i. What is the units digit of a?
0
Suppose 15 = 5*k - 0*k, 0 = 4*n - 5*k + 43. Let y(i) = -i**3 - 8*i**2 - 8*i - 7. Let o be y(n). Suppose -5*j + o*j + 5 = 0. What is the units digit of j?
1
Suppose 2*t = 3*y - 55 - 18, 0 = y - t - 26. What is the tens digit of y?
2
Suppose -7*g + 442 + 370 = 0. What is the tens digit of g?
1
Let w(k) = -41*k - 7. What is the units digit of w(-3)?
6
Let r = 85 + 6. What is the tens digit of r?
9
Let k(p) = 18*p + 8. What is the tens digit of k(5)?
9
Let z be (0 + -39)*2/3. Let m = z - -40. What is the tens digit of m?
1
Suppose 4*c - 67 + 16 = -3*i, 5*c - 66 = -3*i. What is the tens digit of c?
1
Let c(v) be the second derivative of v**5/20 + 5*v**4/12 + 3*v**2/2 + 2*v. Let u be c(-5). Suppose -u*t = 2*t - 30. What is the units digit of t?
6
Suppose -2*y + 4*o + 52 - 16 = 0, -2*o - 28 = -2*y. What is the units digit of y?
0
Let n be (-2)/7 + 135/7. Suppose 5*z - 36 - n = 0. What is the units digit of z?
1
Suppose 2*p = 3*t - 2, 4*p = 4*t - 0 - 4. Let w = p + 4. What is the units digit of w?
3
Suppose 68 = i - 0*d - 4*d, -3*i - d = -269. What is the tens digit of i?
8
Let v(k) be the first derivative of -k**2 + 4/3*k**3 - k + 1 - 1/4*k**4. What is the units digit of v(3)?
2
Let q = -37 + 128. What is the units digit of q?
1
Suppose 0*a + 2*z = -4*a + 350, 5*z - 353 = -4*a. What is the tens digit of a?
8
What is the units digit of -3 + (-5)/(5/(-6))?
3
Let v(f) = 57*f - 9. What is the hundreds digit of v(2)?
1
Let p = 17 + 56. What is the units digit of p?
3
Suppose 0 = -3*b + 2*d - 3, -5*d = -0*b + 4*b + 27. Let l = 6 + b. What is the units digit of l?
3
Suppose -2*m + 4*j + 12 = 0, -2*m + 4*m + j - 2 = 0. What is the units digit of m?
2
Let h be (2 + -1)/((-3)/(-15)). Let c(f) = 6*f**3 - f + 0 - h*f**3 + 9. What is the units digit of c(0)?
9
Let g = -4 - 0. Let c(d) = -33*d - 6. Let p be c(g). What is the units digit of p/15 - (-4)/(-10)?
8
Suppose 0 = -0*n + 5*n + 4*d - 186, n + 5*d = 54. What is the units digit of n?
4
Suppose -2*z - 8 + 38 = 0. Suppose 3*i = p + 2 + 23, 31 = 3*i + 2*p. Let l = z - i. What is the units digit of l?
6
Let w be (-1 - 2)*-1 + -8. What is the units digit of (-12)/(((-15)/(-2))/w)?
8
Suppose -v + 4*a = -0*v - 12, 0 = 3*v + 4*a - 52. Suppose 2*g - v = 6. What is the tens digit of g?
1
Let k(p) = p**3 - 2*p + 2. Let b be k(2). Suppose 2*g - 14 = -2*f, -5*g - 9 = b. Suppose -2*x + 8 + f = -4*u, 0 = 2*u + 4. What is the units digit of x?
5
What is the tens digit of -3 - ((-3)/3*332 - 2)?
3
Let r = 3 - -10. Let v = 22 - r. What is the tens digit of v*(26/6 + -3)?
1
Let o(u) = 3*u - 1. Let d be o(1). Suppose -g - 5 = d. Let j = -5 - g. What is the units digit of j?
2
Suppose 2*m + 3*f = 6 + 5, -3*m + 5*f - 31 = 0. Let u = 0 + 3. What is the units digit of (-26)/3*u/m?
3
Suppose q + 2*q - 6 = 0, -b + 5*q + 30 = 0. What is the tens digit of b?
4
Let k(i) = 2*i - 9. Let r(x) = -2*x**3 - 3*x**2 - x + 1. Let u be r(-2). Let a be k(u). Suppose -1 - 4 = -a*t. What is the units digit of t?
1
Let t = -4 - -41. What is the units digit of t?
7
Let t be 39 + 0/(-2) + 3. Suppose -3*x + 30 = -t. What is the tens digit of x?
2
Let y(i) = i**3 + 10*i**2 + 12. Suppose 4*b + 0*b + 40 = 0. Let p be y(b). Suppose -7*f + p = -3*f. What is the units digit o